{"id":4192,"date":"2025-09-29T01:10:42","date_gmt":"2025-09-28T23:10:42","guid":{"rendered":"http:\/\/localhost:8888\/amrad\/?page_id=4192"},"modified":"2025-10-11T16:40:53","modified_gmt":"2025-10-11T14:40:53","slug":"galerie","status":"publish","type":"page","link":"https:\/\/www.amrad.ml\/index.php\/galerie\/","title":{"rendered":"Galerie"},"content":{"rendered":"\t\t<div data-elementor-type=\"wp-page\" data-elementor-id=\"4192\" class=\"elementor elementor-4192\">\n\t\t\t\t<div class=\"elementor-element elementor-element-1532131 e-grid e-con-boxed lakit-col-width-auto-no e-container e-root-container elementor-top-section e-con e-parent\" data-id=\"1532131\" data-element_type=\"container\">\n\t\t\t\t\t<div class=\"e-con-inner\">\n\t\t\t\t<div class=\"elementor-element elementor-element-92dc7cd elementor-widget elementor-widget-image\" data-id=\"92dc7cd\" data-element_type=\"widget\" data-widget_type=\"image.default\">\n\t\t\t\t\t\t\t\t\t\t\t\t<figure class=\"wp-caption\">\n\t\t\t\t\t\t\t\t\t\t<img fetchpriority=\"high\" decoding=\"async\" width=\"1016\" height=\"762\" src=\"https:\/\/www.amrad.ml\/wp-content\/uploads\/2025\/10\/Suivi-des-activites.jpg\" class=\"attachment-1536x1536 size-1536x1536 wp-image-4471\" alt=\"\" \/>\t\t\t\t\t\t\t\t\t\t\t<figcaption class=\"widget-image-caption wp-caption-text\">Suivi des activit\u00e9s des actifs dans la commune de Sony Aliber village de:  Forgo sonrhai Battal Seina.<\/figcaption>\n\t\t\t\t\t\t\t\t\t\t<\/figure>\n\t\t\t\t\t\t\t\t\t<\/div>\n\t\t\t\t<div class=\"elementor-element elementor-element-43e73ab elementor-widget elementor-widget-image\" data-id=\"43e73ab\" data-element_type=\"widget\" data-widget_type=\"image.default\">\n\t\t\t\t\t\t\t\t\t\t\t\t<figure class=\"wp-caption\">\n\t\t\t\t\t\t\t\t\t\t<img decoding=\"async\" width=\"1006\" height=\"535\" src=\"https:\/\/www.amrad.ml\/wp-content\/uploads\/2025\/10\/suivicscom.jpg\" class=\"attachment-large size-large wp-image-4472\" alt=\"\" \/>\t\t\t\t\t\t\t\t\t\t\t<figcaption class=\"widget-image-caption wp-caption-text\">Commune Soni Ali Ber, le suivi cscom du village de forgo ce jeudi\u00a019\/06\/2025.<\/figcaption>\n\t\t\t\t\t\t\t\t\t\t<\/figure>\n\t\t\t\t\t\t\t\t\t<\/div>\n\t\t\t\t<div class=\"elementor-element elementor-element-ac22598 elementor-widget elementor-widget-image\" data-id=\"ac22598\" data-element_type=\"widget\" data-widget_type=\"image.default\">\n\t\t\t\t\t\t\t\t\t\t\t\t<figure class=\"wp-caption\">\n\t\t\t\t\t\t\t\t\t\t<img decoding=\"async\" width=\"1080\" height=\"486\" src=\"https:\/\/www.amrad.ml\/wp-content\/uploads\/2025\/10\/IMG-20250924-WA0070.jpg\" class=\"attachment-large size-large wp-image-4423\" alt=\"\" \/>\t\t\t\t\t\t\t\t\t\t\t<figcaption class=\"widget-image-caption wp-caption-text\">Remise des mat\u00e9riels et intrants dans le cercle de Tombouctou<\/figcaption>\n\t\t\t\t\t\t\t\t\t\t<\/figure>\n\t\t\t\t\t\t\t\t\t<\/div>\n\t\t\t\t<div class=\"elementor-element elementor-element-da056cc elementor-widget elementor-widget-image\" data-id=\"da056cc\" data-element_type=\"widget\" data-widget_type=\"image.default\">\n\t\t\t\t\t\t\t\t\t\t\t\t<figure class=\"wp-caption\">\n\t\t\t\t\t\t\t\t\t\t<img loading=\"lazy\" decoding=\"async\" width=\"1020\" height=\"765\" src=\"https:\/\/www.amrad.ml\/wp-content\/uploads\/2025\/10\/IMG-20250924-WA0034.jpg\" class=\"attachment-large size-large wp-image-4456\" alt=\"\" \/>\t\t\t\t\t\t\t\t\t\t\t<figcaption class=\"widget-image-caption wp-caption-text\">Rencontre avec les autorit\u00e9s dans le cadre de l'activit\u00e9 du PAM dans la r\u00e9gion de Gao<\/figcaption>\n\t\t\t\t\t\t\t\t\t\t<\/figure>\n\t\t\t\t\t\t\t\t\t<\/div>\n\t\t\t\t<div class=\"elementor-element elementor-element-02ea765 elementor-widget elementor-widget-image\" data-id=\"02ea765\" data-element_type=\"widget\" data-widget_type=\"image.default\">\n\t\t\t\t\t\t\t\t\t\t\t\t<figure class=\"wp-caption\">\n\t\t\t\t\t\t\t\t\t\t<img loading=\"lazy\" decoding=\"async\" width=\"712\" height=\"748\" src=\"https:\/\/www.amrad.ml\/wp-content\/uploads\/2025\/10\/Image1.jpg\" class=\"attachment-large size-large wp-image-4473\" alt=\"\" \/>\t\t\t\t\t\t\t\t\t\t\t<figcaption class=\"widget-image-caption wp-caption-text\">r\u00e9alisation du syst\u00e8me d'aduction d'eau de HASSI SALOUM\/R\u00e9gion de TAOUDENNI <\/figcaption>\n\t\t\t\t\t\t\t\t\t\t<\/figure>\n\t\t\t\t\t\t\t\t\t<\/div>\n\t\t\t\t<div class=\"elementor-element elementor-element-3803a02 elementor-widget elementor-widget-image\" data-id=\"3803a02\" data-element_type=\"widget\" data-widget_type=\"image.default\">\n\t\t\t\t\t\t\t\t\t\t\t\t<figure class=\"wp-caption\">\n\t\t\t\t\t\t\t\t\t\t<img loading=\"lazy\" decoding=\"async\" width=\"283\" height=\"308\" src=\"https:\/\/www.amrad.ml\/wp-content\/uploads\/2025\/10\/Image2.jpg\" class=\"attachment-large size-large wp-image-4474\" alt=\"\" \/>\t\t\t\t\t\t\t\t\t\t\t<figcaption class=\"widget-image-caption wp-caption-text\">S\u00e9ance de sensibilisation sur la r\u00e9alisation des latrines et les bonnes pratiques Wash<\/figcaption>\n\t\t\t\t\t\t\t\t\t\t<\/figure>\n\t\t\t\t\t\t\t\t\t<\/div>\n\t\t\t\t\t<\/div>\n\t\t\t\t<\/div>\n\t\t\t\t<\/div>\n\t\t","protected":false},"excerpt":{"rendered":"<p>Suivi des activit\u00e9s des actifs dans la commune de Sony Aliber village de: Forgo sonrhai Battal Seina. Commune Soni Ali Ber, le suivi cscom du village de forgo ce jeudi\u00a019\/06\/2025. Remise des mat\u00e9riels et intrants dans le cercle de Tombouctou Rencontre avec les autorit\u00e9s dans le cadre de l&rsquo;activit\u00e9 du PAM&hellip;<\/p>\n","protected":false},"author":1,"featured_media":0,"parent":0,"menu_order":0,"comment_status":"closed","ping_status":"closed","template":"","meta":{"footnotes":""},"class_list":["post-4192","page","type-page","status-publish","hentry"],"_links":{"self":[{"href":"https:\/\/www.amrad.ml\/index.php\/wp-json\/wp\/v2\/pages\/4192","targetHints":{"allow":["GET"]}}],"collection":[{"href":"https:\/\/www.amrad.ml\/index.php\/wp-json\/wp\/v2\/pages"}],"about":[{"href":"https:\/\/www.amrad.ml\/index.php\/wp-json\/wp\/v2\/types\/page"}],"author":[{"embeddable":true,"href":"https:\/\/www.amrad.ml\/index.php\/wp-json\/wp\/v2\/users\/1"}],"replies":[{"embeddable":true,"href":"https:\/\/www.amrad.ml\/index.php\/wp-json\/wp\/v2\/comments?post=4192"}],"version-history":[{"count":8,"href":"https:\/\/www.amrad.ml\/index.php\/wp-json\/wp\/v2\/pages\/4192\/revisions"}],"predecessor-version":[{"id":4477,"href":"https:\/\/www.amrad.ml\/index.php\/wp-json\/wp\/v2\/pages\/4192\/revisions\/4477"}],"wp:attachment":[{"href":"https:\/\/www.amrad.ml\/index.php\/wp-json\/wp\/v2\/media?parent=4192"}],"curies":[{"name":"wp","href":"https:\/\/api.w.org\/{rel}","templated":true}]}}